*2 + 4*y + 12. Calculate the remainder when t(-5) is divided by v.
3
Let v = 84 - 50. Suppose 832 = 4*h + 2*u, 5*h + 456*u - 454*u = 1033. Calculate the remainder when h is divided by v.
31
Suppose 3*x - 863 + 781 = 4*a, 0 = -2*x - 2*a - 20. Let p = -125 + 279. Calculate the remainder when p is divided by x.
4
Let p = -4137 - -4358. What is the remainder when p is divided by 103?
15
Suppose 43*q - 35105 = -2265 + 37207. Calculate the remainder when 4896 is divided by q.
9
Suppose -5*n + 4*x = -1192, 487 - 1691 = -5*n - 2*x. Calculate the remainder when n is divided by 86.
68
Suppose 0 = -49*b + 826 - 630. Calculate the remainder when 1786 is divided by b.
2
Let h(j) be the first derivative of 63*j**2/2 - 431*j + 75. What is the remainder when 229 is divided by h(8)?
10
Let z(u) = -3*u - 6. Calculate the remainder when (4/1)/((-4)/(-107)*9/18) is divided by z(-10).
22
Suppose -12*i = -47*i + 2310. Let o be (-3 - 14/(-4))*0. Calculate the remainder when i is divided by (-1)/2*(-46 + o).
20
Let t(o) = -2*o**2 + 46*o + 227. What is the remainder when t(19) is divided by 4?
3
Calculate the remainder when (-10 - (6 + -143))/((-5)/(-105)) is divided by 889.
0
Suppose 0 = -3*j, 0 = 5*s + 3*j - 146 - 134. Calculate the remainder when 271 is divided by s.
47
Suppose 5*t + 12*p - 1259 = 0, -p - 521 = 3*t - 5*t. What is the remainder when 280 is divided by t?
21
Calculate the remainder when ((-378)/8 - 1)/((-562)/2248) is divided by 26.
11
Let u = -101 - -188. Let l(n) = -n**2 - 18*n + 13. Suppose -2*d - d - 51 = -5*s, -68 = 4*d - s. Calculate the remainder when u is divided by l(d).
27
Let a(s) = 4*s**2 + 53*s - 15. Suppose 5*p - 9*p + 292 = 0. Calculate the remainder when p is divided by a(-14).
19
Suppose -2*i + o = -470, 2*i - o = 2*o + 462. Calculate the remainder when 2113 is divided by i.
217
Let v be (6/2)/(10/30) + 4. Suppose v = m + 3*g, -4*g + 7*g + 1 = m. Calculate the remainder when 31 is divided by m.
3
Let g(p) = -p**2 - 9*p + 5. Let x be g(-8). Suppose -3*d + x*n + 68 = 12*n, -5*d - 3*n = -90. Calculate the remainder when 54 is divided by d.
12
Let f = 370 + -265. Suppose 3*x - 193 = 2*n, -3*x + 4*n + 308 = f. Calculate the remainder when x is divided by 5.
1
Let j(m) = -25*m**3 - 274*m**2 + 12*m + 55. Suppose -280 = 5*w - 1145. What is the remainder when w is divided by j(-11)?
41
Let a(m) = -m**2 + 11*m - 15. Let p be a(9). Let b = 126 + -72. What is the remainder when b is divided by (p + (-13)/2)*-4?
12
Suppose -n - 8 = 5*z, n = 4*z - 6*z + 1. Let h(m) = 20*m - 59. Calculate the remainder when 321 is divided by h(n).
78
Let w(s) = -20*s - 34. Let j(u) = u. Let q(g) = 6*j(g) + w(g). Calculate the remainder when q(-6) is divided by 37.
13
Let w = 21 + -79. Let j = w + 84. Let i = 73 - 25. Calculate the remainder when i is divided by j.
22
Suppose 6*i + 116 = -4. Let v = -30 - i. What is the remainder when 63 is divided by 10/4*(-44)/v?
8
Calculate the remainder when ((-13986)/(-105))/((-2)/(-5)) is divided by 81.
9
Let i = -3224 + 3258. Calculate the remainder when 177 is divided by i.
7
Let j = 43 + -30. Let h = -298 - -732. Suppose -4*v + h = 302. What is the remainder when v is divided by j?
7
Let t = -31 - -60. What is the remainder when t is divided by (267/15 - 2) + 56/(-70)?
14
Let d = 1212 + -1201. Calculate the remainder when 2713 is divided by d.
7
Suppose 3*c + 519 = 4*s, -s = 2*s - 2*c - 388. Calculate the remainder when s is divided by 62 + 28/(-8)*4/(-7).
62
Let w = 22061 + -8653. Calculate the remainder when w is divided by 52.
44
Let k(y) = y - 7*y**2 - y**3 - 116 + 115 + 4*y**2 - 7*y. Calculate the remainder when k(-5) is divided by 27.
25
Let b(i) = -2*i**3 + 5*i**2 - 6*i + 3. Let t(h) = h**3 + h + 1. Let c(a) = -b(a) + t(a). Calculate the remainder when 140 is divided by c(2).
12
Suppose k = 4*y + 12, 3*k - y = -0*k + 25. Calculate the remainder when -14*4/(k/(-7)) is divided by 13.
10
Suppose -y - 4*x = -5*y + 376, 4*y - 3*x - 378 = 0. Let d = 199 - y. What is the remainder when (-3)/(-12)*4*d is divided by 13?
12
Suppose m = -4*u + 5*m + 6948, -2*u + 3480 = 4*m. Calculate the remainder when u is divided by 869.
0
Let h(a) = 9*a - 4*a**2 + 3*a**2 + 14*a + 6*a - 142. Calculate the remainder when 81 is divided by h(21).
3
Suppose -4*i = 3*h - 32, 2*h + 38 = 2*i - 2*h. Let a(g) = 7*g - 41. Let k be a(i). Calculate the remainder when 680*((-4)/10 + k/40) is divided by 57.
55
Suppose 0 = -3*q + 3*v + 312, 23*v = 3*q + 24*v - 328. Calculate the remainder when q is divided by 58.
50
Suppose -4*o - o = -4*l + 14965, o = -l + 3739. What is the remainder when l is divided by 78?
74
Suppose 0*o = -o - 2*p, 3*o - p = 7. Let r be o/(-1) + -6 + 14 + -5. Let m(v) = 18*v**2 + v - 1. Calculate the remainder when 71 is divided by m(r).
17
Let f(y) = y**2 + 25*y + 88. Let r be f(-32). Let w = 0 - -17. What is the remainder when (-4 - 3/((-27)/r))*6 is divided by w?
14
Suppose 6*g - 225 = -195. Suppose 0 = 9*j - 5*j - 5*c - 497, 2*j = -g*c + 241. Calculate the remainder when j is divided by 62.
61
Let o(j) = -9*j + 41. Let n be o(4). Suppose 3*h + 737 = n*i + 2*h, -h = -2*i + 296. What is the remainder when i is divided by 6?
3
Suppose 5*s - 2*s = -5*q + 23, 0 = 3*q - s - 11. Suppose -58 - 70 = -q*g. Let f = -10 + g. What is the remainder when f is divided by 5?
2
Let g be ((-7)/3 - -2)/(3/(-63)). Let d(v) = 13*v - 59. What is the remainder when 99 is divided by d(g)?
3
Suppose -5*d + 4*d = -5*r + 169, 3*d - 21 = -r. Calculate the remainder when 464 is divided by ((-9)/2)/(4/((-2288)/r)).
74
Let f(k) = -k**2 - 46*k - 3. Let m be f(-17). Calculate the remainder when m/(-8)*(-80)/50 is divided by 11.
10
Let u = -153 + 155. What is the remainder when 109 is divided by 44/(-2 - (u + -8))?
10
Suppose 83 + 117 = -10*k. Let w = k - -41. Suppose -3*n = -2*v - 40 - 27, v = n - w. What is the remainder when 72 is divided by n?
22
Suppose 0 = -4*z - 8, 2*z = -4*q + 8187 - 3275. What is the remainder when q is divided by 175?
4
Let o be 2/((-205)/(-100) + -2). Let d = 53 - o. What is the remainder when d is divided by 9?
4
Let j(b) = b**3 - 5*b**2 + 2*b - 1. Let t be (1 + (-4)/3)/((-5)/300). Suppose -19*m + 666 = t. Calculate the remainder when m is divided by j(5).
7
What is the remainder when ((-70)/(-3))/((-24)/(-36)) is divided by (12 - (-252)/(-12)) + 27?
17
Suppose 44*s - 375 = -5*k + 49*s, 4*k - 3*s - 296 = 0. Suppose 2*y - 2*o = 469 + k, -4*o = -y + 270. What is the remainder when y is divided by 13?
10
Suppose 0 = 57*d + 32 - 1172. Calculate the remainder when 161 is divided by d.
1
Let y(u) = 55*u**2 + 16*u + 118. What is the remainder when y(-7) is divided by 16?
13
Let c be (-256)/(-96)*6/4. Suppose 746 = 3*d + 242. Suppose 12*j - d = c*j. Calculate the remainder when 57 is divided by j.
15
What is the remainder when (-4)/(-10) - (((-167872)/(-40))/(-8) - 6) is divided by 254?
23
What is the remainder when 8*4/64*(1126 + 0 + 4) is divided by 30?
25
Let m be -7*10 - (-53 - -49). What is the remainder when 42 is divided by 2277/m*(-2)/3?
19
Let o = -174 + 165. Let f(s) = -s + 11. Let j(q) = -9*q**3 + 2*q + 1. What is the remainder when f(o) is divided by j(-1)?
4
Let i = 2914 - 2548. What is the remainder when i is divided by 125?
116
Let f(v) = v**3 + 3*v**2 - 9*v - 11. Let t be f(7). Suppose -t = -5*o + 359. Calculate the remainder when o is divided by 32.
27
Let q(d) = 285*d - 248. What is the remainder when 85 is divided by q(1)?
11
Suppose -21*y - 18 = 864. Calculate the remainder when 82 is divided by 222/21 + (-18)/y.
5
Let l(m) = 6*m**2 - 23*m + 10. Let n(w) = -6*w**2 + 24*w - 6. Let f(g) = 5*l(g) + 4*n(g). Calculate the remainder when f(6) is divided by 22.
18
Let z = 50639 - 50631. Let f = -17 - -62. What is the remainder when f is divided by z?
5
Let w(y) = 40*y + 839. What is the remainder when 232 is divided by w(-20)?
37
Suppose -3*j + 23*q - 20*q + 444 = 0, 0 = -3*j - 3*q + 438. What is the remainder when 253 is divided by j?
106
Suppose 0 = 4*v + 8 - 48. Suppose -128*o + 108 = -290 + 14. What is the remainder when v is divided by o?
1
Let c be (-256)/(-18) - (6/27)/1. Suppose -5*l + d = -3*d - c, 0 = 4*l + 2*d - 6. Calculate the remainder when (-5)/((l - (-20)/(-8)) + 0) is divided by 6.
4
Let h = -1644 - -1658. What i